{"id":10,"date":"2017-03-10T21:00:05","date_gmt":"2017-03-10T21:00:05","guid":{"rendered":"http:\/\/spirit-health.de\/?page_id=10"},"modified":"2019-10-02T18:38:09","modified_gmt":"2019-10-02T16:38:09","slug":"alternative-gesundheitsberatung","status":"publish","type":"page","link":"https:\/\/spirit-health.de\/?page_id=10","title":{"rendered":"-Alternative Gesundheitsberatung"},"content":{"rendered":"<p class=\"western\" align=\"left\"><span style=\"font-family: Helvetica; font-size: 18pt;\"><strong>Alternative Gesundheitsberatung und Energiearbeit<br \/>\n<\/strong><\/span><\/p>\n<p class=\"western\" align=\"left\"><span style=\"font-family: Helvetica; font-size: 14pt;\">Von einer ganzheitlichen Sichtweise aus betrachtet l\u00e4sst sich Krankheit deuten als liebevollen Hinweis der Sch\u00f6pfung an uns. Etwas m\u00f6chte sich zeigen, ans Licht kommen und kann sich so zum Guten und Befreienden ver\u00e4ndern.<\/span><\/p>\n<p class=\"western\" align=\"left\"><span style=\"font-family: Helvetica; font-size: 14pt;\">Wurde diese Botschaft durch die bewusste Hinwendung der Seele verstanden, dann hat das Symptom seinen Sinn erf\u00fcllt und kann sich aufl\u00f6sen.<\/span><\/p>\n<p class=\"western\" align=\"left\"><span style=\"font-family: Helvetica; font-size: 18pt;\"><b>Diese Beratungen und Dienstleistungen biete ich an:<\/b><\/span><\/p>\n<ul>\n<li style=\"list-style-type: none;\">\n<ul>\n<li class=\"western\"><span style=\"font-family: Helvetica; font-size: 14pt;\">Ursachenfindung durch das Informationsfeld<\/span><\/li>\n<\/ul>\n<\/li>\n<\/ul>\n<ul>\n<li style=\"list-style-type: none;\">\n<ul>\n<li class=\"western\"><span style=\"font-family: Helvetica; font-size: 14pt;\">Kinesiologische Austestung Allergien, Unvertr\u00e4glichkeiten u.v.m.<\/span><\/li>\n<\/ul>\n<\/li>\n<\/ul>\n<ul>\n<li style=\"list-style-type: none;\">\n<ul>\n<li class=\"western\"><span style=\"font-family: Helvetica; font-size: 14pt;\">Aura und Chakrareinigung, Energetisierungen, Radionik<\/span><\/li>\n<\/ul>\n<\/li>\n<\/ul>\n<ul>\n<li style=\"list-style-type: none;\">\n<ul>\n<li class=\"western\"><span style=\"font-family: Helvetica; font-size: 14pt;\">L\u00f6schung von eingelagerten Emotionen, Traumata und feinstofflicher Implatate<br \/>\n<\/span><\/li>\n<\/ul>\n<\/li>\n<\/ul>\n<ul>\n<li style=\"list-style-type: none;\">\n<ul>\n<li class=\"western\"><span style=\"font-family: Helvetica; font-size: 14pt;\">Empfehlung alternativer Therapieformen <\/span><\/li>\n<\/ul>\n<\/li>\n<\/ul>\n<ul>\n<li style=\"list-style-type: none;\">\n<ul>\n<li class=\"western\"><span style=\"font-family: Helvetica; font-size: 14pt;\">Ern\u00e4hrungsberatung<\/span><\/li>\n<\/ul>\n<\/li>\n<\/ul>\n<ul>\n<li class=\"western\"><span style=\"font-family: Helvetica; font-size: 14pt;\">Tonglen Heilmeditation<\/span><\/li>\n<\/ul>\n<p><span style=\"font-family: Helvetica; font-size: 14pt;\">Kontakt: hendrik.althaus@gmx.net<\/span><\/p>\n<p><strong>Rechtshinweis:<\/strong><\/p>\n<p><strong>Aus rechtlichen Gr\u00fcnden <\/strong><strong>bin ich<\/strong><strong> verpflichtet folgendes anzugeben:<\/strong><\/p>\n<pre><span style=\"font-family: Liberation Serif, serif;\"><span style=\"font-size: medium;\">Als geistiger Heiler erstelle ich keine Diagnosen und kann, will und darf eine \u00e4rztliche Behandlung nicht ersetzen. Geistiges Heilen dient der Aktivierung der Selbstheilungskr\u00e4fte und ersetzt nicht die Diagnose oder Behandlung beim Arzt\/Heilpraktiker. Diese soll auf keinen Fall abgebrochen oder ver\u00e4ndert werden. Ich kann und darf kein Heilversprechen abgeben. Heilung kann der erfahren, der sich Ihr \u00f6ffnet. Heiler stehen oft unter einem gro\u00dfem Erwartungsdruck. Der eigene Wille zur Genesung, zum Wohlbefinden, das Ausma\u00df der Selbstliebe und die Demut sind von gro\u00dfer Bedeutung. <\/span><\/span><\/pre>\n<pre>Die Benutzung meiner Produkte soll nicht dazu f\u00fchren, bei gesundheitlichen Beschwerden die Behandlung durch den Arzt oder Heilpraktiker abzubrechen. Es werden von mir keine medizinischen Ratschl\u00e4ge gegeben.\n\nBei vielen alternativen Methoden ist die Wirksamkeit nach wissenschaftlichen Kriterien bis heute nicht zu beweisen. Dies gilt auch f\u00fcr meine Produkte. Nach den Erkenntnissen der Schulwissenschaft existieren feinstoffliche Energien nicht. Demnach h\u00e4lt die Naturwissenschaft es nicht f\u00fcr m\u00f6glich, dass feinstoffliche Energiefelder einen Einfluss auf das k\u00f6rperliche Wohlbefinden haben.\n\nIch betone ausdr\u00fccklich, dass ich keine Heilwirkungen verspreche. Die genannten Eigenschaften meiner Produkte beruhen alle auf Erfahrungen, die im praktischen Umgang damit gemacht wurden. Sie k\u00f6nnen allerdings mit bisher anerkannten Messmethoden nicht best\u00e4tigt werden. Die Messverfahren, welche die Wirkung nachweisen k\u00f6nnen, werden aber nach aktuellen wissenschaftlichen Standards nicht anerkannt.\n\nAufgrund dieser Tatsache weise ich darauf hin, dass meine Produkte nach derzeit wissenschaftlichen Erkenntnissen lediglich Placebowirkungen hervorrufen k\u00f6nnen.\nEine Verwendung zur Behandlung von Krankheiten oder gem\u00e4\u00df des Medizinproduktgesetzes wird von mir ausdr\u00fccklich untersagt und ist auch nicht vorgesehen.\n\nIch \u00fcbernehme keine Haftung f\u00fcr die Wirksamkeit meiner Produkte. F\u00fcr die Benutzung und die Wahl der richtigen Anwendung ist der Nutzer verantwortlich.<\/pre>\n","protected":false},"excerpt":{"rendered":"<p>Alternative Gesundheitsberatung und Energiearbeit Von einer ganzheitlichen Sichtweise aus betrachtet l\u00e4sst sich Krankheit deuten als liebevollen Hinweis der Sch\u00f6pfung an uns. Etwas m\u00f6chte sich zeigen, ans Licht kommen und kann sich so zum Guten und Befreienden ver\u00e4ndern. Wurde diese Botschaft durch die bewusste Hinwendung der Seele verstanden, dann hat das Symptom seinen Sinn erf\u00fcllt und [&hellip;]<\/p>\n","protected":false},"author":1,"featured_media":0,"parent":53,"menu_order":3,"comment_status":"closed","ping_status":"closed","template":"template-fullwidth.php","meta":{"footnotes":""},"class_list":["post-10","page","type-page","status-publish","hentry","post-preview"],"_links":{"self":[{"href":"https:\/\/spirit-health.de\/index.php?rest_route=\/wp\/v2\/pages\/10","targetHints":{"allow":["GET"]}}],"collection":[{"href":"https:\/\/spirit-health.de\/index.php?rest_route=\/wp\/v2\/pages"}],"about":[{"href":"https:\/\/spirit-health.de\/index.php?rest_route=\/wp\/v2\/types\/page"}],"author":[{"embeddable":true,"href":"https:\/\/spirit-health.de\/index.php?rest_route=\/wp\/v2\/users\/1"}],"replies":[{"embeddable":true,"href":"https:\/\/spirit-health.de\/index.php?rest_route=%2Fwp%2Fv2%2Fcomments&post=10"}],"version-history":[{"count":10,"href":"https:\/\/spirit-health.de\/index.php?rest_route=\/wp\/v2\/pages\/10\/revisions"}],"predecessor-version":[{"id":275,"href":"https:\/\/spirit-health.de\/index.php?rest_route=\/wp\/v2\/pages\/10\/revisions\/275"}],"up":[{"embeddable":true,"href":"https:\/\/spirit-health.de\/index.php?rest_route=\/wp\/v2\/pages\/53"}],"wp:attachment":[{"href":"https:\/\/spirit-health.de\/index.php?rest_route=%2Fwp%2Fv2%2Fmedia&parent=10"}],"curies":[{"name":"wp","href":"https:\/\/api.w.org\/{rel}","templated":true}]}}